Let v = p - 198. What is the tens digit of v?
3
Suppose 2*k + 0*k = -2*f + 1516, -4*k + 767 = f. Suppose -4*w - w = -f. What is the tens digit of w?
5
What is the units digit of (0 - -1)*-6 + 600 + -14?
0
Suppose 2*o + g - 1004 = 0, -680 - 840 = -3*o + 2*g. What is the units digit of o?
4
What is the units digit of -7 - (-4 + (7 - 141))?
1
Let l = -720 - -1792. What is the hundreds digit of l?
0
Let g(h) = -8*h - 4. Let q be g(-2). Suppose 982 = q*x - 2642. What is the units digit of x?
2
Let b be ((11/1)/22)/((-1)/6). Let t(s) = -s**2 - 1. Let o(d) = 2*d - 5. Let c(w) = o(w) - 3*t(w). What is the tens digit of c(b)?
1
Let w(v) = -v + 1. Let r(p) = p + 40. Let x(a) = r(a) - 3*w(a). What is the hundreds digit of x(24)?
1
Let h(r) = r**3 + 14*r**2 + 9*r - 67. What is the units digit of h(-12)?
3
Let s(r) = -r**3 + 14*r**2 + r + 4. Let c be s(14). Let y be (-10)/45 - (-292)/c. What is the units digit of 317/5 - y/40?
3
Let r = -12 + 14. Suppose -3*z - 9 = s, 5*z + r + 24 = 2*s. Suppose 3*i - 4*i - s*j = -32, -4*i + j + 193 = 0. What is the units digit of i?
7
Let p = -42 - 3. Let v = 56 + p. What is the tens digit of v?
1
Suppose 0 = -9*u - 17*u + 4394. What is the units digit of u?
9
Suppose 0 = -3*w + 2*o + 87, 0 = -4*w + o - 5*o + 96. What is the tens digit of w?
2
Suppose 0 = 3*y + 12, -460 = -2*z - 3*y + 976. Suppose -3*j = 2*a - z, 2*j + 0*j - 3*a - 461 = 0. What is the tens digit of j?
3
Suppose 4*j - 14 = 2*j. Suppose 3 = m, -2*i - 2*m = -j*i + 4. What is the units digit of -10*(0/3 - i)?
0
Let f(s) = -s**3 - 15*s**2 - 4*s - 4. What is the thousands digit of f(-19)?
1
What is the tens digit of 2932 - 23/((-69)/(-18)) - -2?
2
Let a = -10 + 20. Let m = a - 3. What is the units digit of m?
7
Let i(w) = w + 9. Let r be i(-6). What is the tens digit of 2 - (7/3 - r)*18?
1
Let a be ((-24)/36)/(2 - 5474/2736). Suppose 13*z = -3*z + a. What is the tens digit of z?
5
Let t(d) = -d - 18. Let f be t(0). Let n(g) = -g**2 - 11*g + 9. Let k be n(-11). What is the units digit of (-4)/f - (-61)/k?
7
Suppose 29*s - x - 18015 = 25*s, 4*x = 4. What is the hundreds digit of s?
5
Suppose 0 = -2*a + c + 5870, 0 = 15*c - 10*c + 10. What is the hundreds digit of a?
9
Let b = -10 + 8. Let o = 5 + b. Suppose -o*l + 39 = 3*n, 0*n = -4*l + 4*n + 84. What is the units digit of l?
7
Suppose -18*m + 720 = -8*m. Suppose -4*z = 3*q - 290, 353 = 5*q - 5*z - m. What is the tens digit of q?
9
Let m(v) = -5*v**2 + 10*v - 2. Let d(o) = 3*o**2 - 7*o + 1. Let c(g) = -8*d(g) - 5*m(g). Let r be -5*(6/5 + 0). What is the units digit of c(r)?
2
Let c be (-1 + (-3)/2)*-2. Suppose 0 = -7*u - 5*u + 108. Suppose u*b - 152 = c*b. What is the tens digit of b?
3
Suppose -2*b - y = -9, y + y - 6 = 0. What is the tens digit of b/(57/(-30) + 2)?
3
Suppose 22*x - 24474 = 6766. What is the thousands digit of x?
1
Let f(l) = 3*l + 95. Suppose 5*u = 15, -5*u + 8 + 7 = 5*x. What is the tens digit of f(x)?
9
Suppose p + 20 = -4*p. What is the tens digit of 0 - p - -64 - -2?
7
Suppose -3*r - 3*h = -441, -42 = -2*r - 3*h + 257. What is the units digit of r?
2
Let g(r) = -r**3 + 31*r**2 - 4*r + 31. What is the thousands digit of g(29)?
1
Let q = -6 + 29. Suppose 2*v + 132 = 4*f, -f + 3*v + q = -0*f. What is the tens digit of f?
3
Suppose -5*t = -5*v - 4655, 4*t - 3*v - 3245 - 483 = 0. What is the hundreds digit of t?
9
Let u(v) = v + 42. What is the tens digit of u(0)?
4
Let m = 32 - 55. What is the units digit of (m/(-3))/((-4)/(-24))?
6
Suppose -f = -5*p + 118, 5*f - 57 + 167 = 5*p. Let g(z) = p*z + 15 + 6 - 20*z. What is the tens digit of g(7)?
4
Suppose -3*r = -4*h - 16421, -2*h = 80*r - 77*r - 16445. What is the units digit of r?
9
Let y be 256/(-14) - 4/(-14). Let x = -14 - y. Suppose 2*o - x*b - 88 = 0, -b - 80 = -2*o - 5*b. What is the units digit of o?
2
Suppose 5*f = -2*i + i + 14, -2*f + 4 = 0. Suppose 0 = -s + a + 19, 26 = 2*s - i*a - 2. What is the tens digit of s?
2
Let w = 5 + -3. Suppose -3*f - 142 = 4*l, -w*f = 5*l + 3*f + 175. Let g = -8 - l. What is the units digit of g?
9
Suppose w - 6 = -5*x, -2*w = -w + 4. Let q(f) = -7*f + 3. Let i be q(x). Let r = i - -16. What is the units digit of r?
5
Let w(q) = -q**2 - 5*q + 16. Let t be w(-6). What is the hundreds digit of -51*((-6)/9 - t/3)?
2
Suppose 4*n - 2115 - 225 = 0. What is the units digit of n?
5
Suppose -21*x + 3390 = -6*x. What is the hundreds digit of x?
2
Let g(h) = 125*h**3 - 7*h + 10. Let d(m) = -1. Let f(b) = 4*d(b) + g(b). What is the tens digit of f(1)?
2
Let y(t) = 2*t - 3 - 3*t + 2 + 3*t. Suppose -1 - 8 = -3*o. What is the units digit of y(o)?
5
What is the tens digit of (-3982)/(-10)*2 + 8/(-20)?
9
Let g(t) = -t**2 - t - 1. Suppose q + j = 0, -4*q + 4*j = -1 + 9. Let r(n) = -n**2 + 6*n - 2. Let v(k) = q*r(k) + 3*g(k). What is the units digit of v(-4)?
3
Let q be (19/4)/(9/(-36)). Let d = q - -30. What is the units digit of d?
1
Suppose 4*k - 55 = -259. Let d = 135 + k. What is the units digit of d?
4
Let f = -23 + 26. Suppose -z + 4*j = f*z - 228, -2*j = 4*z - 216. What is the tens digit of z?
5
Let f(t) = 27*t + 5. Let o be f(-4). Let c = o - -240. What is the units digit of c?
7
Let y(c) = c - 8. Let h be y(8). Suppose 2*d + 9 = 3*t - d, h = t + 5*d - 9. Suppose 0 = -4*v - 4*a + t, 4*v - 3*a = -a + 10. What is the units digit of v?
2
Let r = 2926 + -1217. What is the units digit of r?
9
Suppose 5*v + 0*v = 15. Suppose 0 = v*c + 14 - 89. What is the tens digit of c?
2
Suppose 4*z - 5*c = -10*c + 144, 108 = 3*z + 2*c. Suppose v = s - 2*s - 13, -z = 2*v + 4*s. What is the units digit of 6/v - 107/(-4)?
6
Let v = -58 - -35. Let f = v + 53. What is the tens digit of f?
3
Let h(q) = 225*q + 33. What is the tens digit of h(3)?
0
Let h = -1 + -39. Let a = 17 - h. What is the tens digit of a?
5
Suppose 5*a = j - 117, -12*j + 14*j - 294 = -2*a. What is the hundreds digit of j?
1
Let w(g) = 3*g + 51. Let i(c) = 3*c**3 - 2*c**2 + c. Let y be i(1). Suppose 5*x = 2*n + 15, -n + y*x - 6 = 3*n. What is the tens digit of w(n)?
5
Let x(n) = n**3 - 5 - 5 + 9*n + n**3 - 8*n**2. Let u be x(5). Let m = -50 + u. What is the units digit of m?
5
Suppose 18*z - 5*j = 13*z + 4070, -z - 2*j = -826. What is the units digit of z?
8
What is the units digit of 6/(-27) - (326480/63)/(-10)?
8
Suppose 9 + 3 = 3*c. Suppose 3 = 5*h - 4*b, -c*h - b - 3*b + 24 = 0. Suppose 0 = -4*x + 3*d + 142, 110 = 5*x - h*d - 66. What is the tens digit of x?
3
Suppose 0 = k + 3, 0 = 3*w + 5*k - 680 - 973. What is the units digit of w?
6
Suppose -262*p + 267*p = 3760. What is the tens digit of p?
5
Let u(d) = d**2 - 9*d + 30. Let i be u(5). What is the tens digit of (i - 5 - 20)/(-1)?
1
Suppose 0 = -2*q - 2*q. Let u be (q + 0)*(-8)/16. What is the units digit of (u - (-16)/12)*33?
4
Let s(y) = 2*y + 2. Let f(v) = -v - 1. Let o(r) = 7*f(r) + 4*s(r). Let w be o(1). Suppose w*t - 54 = -t. What is the units digit of t?
8
Let r(a) = 40*a**3 + a. What is the hundreds digit of r(2)?
3
Let q be ((-6)/(-12) - 0)/(1/(-156)). What is the units digit of ((-200)/6)/(-2)*(-117)/q?
5
Let l(n) = 4*n + 6. Let d(o) = 2*o**2 - 2*o - 4. Let p be d(4). Suppose -2*v = 2*j - 8, 2*v + v = 5*j + p. What is the tens digit of l(v)?
2
Suppose 0 = -19*n + 806 - 46. Let k = n + -8. What is the tens digit of k?
3
Let u be 7 + 2 + -5 + 3. Let v(f) = -f**3 + 7*f**2 + 10*f - 8. What is the units digit of v(u)?
2
Suppose 3*x + 1 + 2 = 0. Let c(t) = -400*t + 3. Let u be c(x). What is the tens digit of 4/18 - u/(-9)?
4
Let z = 975 - -137. What is the tens digit of z?
1
Let w(p) = -3*p**2 - 145*p - 5. What is the tens digit of w(-41)?
9
Let x be ((3 - -13)/(-4))/(-2). Let k be (-2 + 14)/(x/11). Suppose -3*a + 70 = -2*w - k, 4*w - 4 = 0. What is the tens digit of a?
4
Let k(p) = p + 43. Let t be k(-13). Suppose -220 = -10*u + t. What is the units digit of u?
5
Let v(k) = -k**3 - 6*k**2 + 7*k + 2. Let l be v(-7). Suppose 3*g + l*a = 7*a + 6, -3*a = -3*g + 6. Suppose 34 = 3*y - g*y. What is the units digit of y?
4
Let u(s) be the second derivative of s**4/6 + 5*s**2/2 + s. Let j be (6 + -4)*6/4. What is the tens digit of u(j)?
2
Suppose 8*q - 6*q = 8. Suppose q*r + 5 = -r. Let w = 3 + r. What is the units digit of w?
2
Let f = -633 - -1560. What is the tens digit of f?
2
Let c(w) = w**3 + 2*w - 2*w + 8*w